{"id":101,"date":"2019-08-27T20:25:48","date_gmt":"2019-08-27T19:25:48","guid":{"rendered":"http:\/\/isi-beritt.homepage.t-online.de\/wordpress?page_id=101"},"modified":"2023-09-10T14:58:12","modified_gmt":"2023-09-10T13:58:12","slug":"fotos-und-statements","status":"publish","type":"page","link":"https:\/\/isi-beritt.com\/index.php\/fotos-und-statements\/","title":{"rendered":"Fotos und Statements"},"content":{"rendered":"<div class=\"breadcrumbs align  wp-block-bcn-breadcrumb-trail has-text-color has-background\" vocab=\"https:\/\/schema.org\/\" typeof=\"BreadcrumbList\">\n\t<span><\/span>\n\t<span property=\"itemListElement\" typeof=\"ListItem\"><a property=\"item\" typeof=\"WebPage\" title=\"Go to isi-beritt.com.\" href=\"https:\/\/isi-beritt.com\" class=\"home\" aria-current=\"page\"><span property=\"name\">isi-beritt.com<\/span><\/a><meta property=\"position\" content=\"1\"><\/span><\/div>\n\n\n<div class=\"wp-block-themeisle-blocks-posts-grid\" id=\"wp-block-themeisle-blocks-posts-grid-1e310a27\"><div class=\"is-list\"><div class=\"o-posts-grid-post-blog o-posts-grid-post-plain\"><div class=\"o-posts-grid-post\"><div class=\"o-posts-grid-post-body is-full\"><h4 class=\"o-posts-grid-post-title\"><a href=\"https:\/\/isi-beritt.com\/index.php\/die-doitride-kampagne-ist-eine-bewegung-fuer-alle-die-sich-fuer-pferde-begeistern\/\">Die #doitride-Kampagne ist eine Bewegung f\u00fcr alle, die sich f\u00fcr Pferde begeistern und m\u00f6chten, dass es den Tieren gut geht.<\/a><\/h4><div class=\"o-posts-grid-post-description\"><p>Gerade im Reitsport und im Thema Pferdehaltung und Umgang mit dem Pferd treffen unterschiedliche Ansichten aufeinander und (fast) alle wollen doch nur dasselbe: Das Wohlergehen ihres Pferdes. Es gibt aber auch einen gemeinsamen Nenner, diesem Ziel immer n\u00e4herzukommen: Weil wir Pferde lieben und jede\u2026<\/p><a class=\"o-posts-read-more\" href=\"https:\/\/isi-beritt.com\/index.php\/die-doitride-kampagne-ist-eine-bewegung-fuer-alle-die-sich-fuer-pferde-begeistern\/\">Read More<\/a><\/div><\/div><\/div><\/div><div class=\"o-posts-grid-post-blog o-posts-grid-post-plain\"><div class=\"o-posts-grid-post\"><div class=\"o-posts-grid-post-image\"><a href=\"https:\/\/isi-beritt.com\/index.php\/sarah-und-maja-mit-hnokki\/\"><img data-opt-id=1225777644  fetchpriority=\"high\" decoding=\"async\" width=\"150\" height=\"150\" src=\"https:\/\/mlicc7hvrqis.i.optimole.com\/w:150\/h:150\/q:mauto\/rt:fill\/g:ce\/f:best\/ig:avif\/https:\/\/isi-beritt.com\/wp-content\/uploads\/2023\/01\/Maja-und-Hnokki.webp\" class=\"attachment-thumbnail size-thumbnail\" alt=\"Maja und Hnokki\" \/><\/a><\/div><div class=\"o-posts-grid-post-body\"><h4 class=\"o-posts-grid-post-title\"><a href=\"https:\/\/isi-beritt.com\/index.php\/sarah-und-maja-mit-hnokki\/\">Sarah und Maja mit Hnokki<\/a><\/h4><div class=\"o-posts-grid-post-description\"><p>Liebe Astrid, wir danken Dir von Herzen f\u00fcr deine kompetente Unterst\u00fctzung, um einander besser zu verstehen und zusammen zu wachsen. Durch deine verst\u00e4ndliche und einf\u00fchlsame Herangehensweise Schritt f\u00fcr Schritt konnte Hnokki vom gerade angerittenen Jungspund zu dem Traumpferdchen werden, das schon \u2026<\/p><a class=\"o-posts-read-more\" href=\"https:\/\/isi-beritt.com\/index.php\/sarah-und-maja-mit-hnokki\/\">Read More<\/a><\/div><\/div><\/div><\/div><div class=\"o-posts-grid-post-blog o-posts-grid-post-plain\"><div class=\"o-posts-grid-post\"><div class=\"o-posts-grid-post-image\"><a href=\"https:\/\/isi-beritt.com\/index.php\/ann-kathrin-mit-nattfari\/\"><img data-opt-id=1926943786  fetchpriority=\"high\" decoding=\"async\" width=\"150\" height=\"150\" src=\"https:\/\/mlicc7hvrqis.i.optimole.com\/w:150\/h:150\/q:mauto\/rt:fill\/g:ce\/f:best\/ig:avif\/https:\/\/isi-beritt.com\/wp-content\/uploads\/2021\/07\/20210729_Ann-Kathrin_mit_Nattfari.jpg\" class=\"attachment-thumbnail size-thumbnail\" alt=\"Ann-Kathrin mit N\u00e1ttfari\" \/><\/a><\/div><div class=\"o-posts-grid-post-body\"><h4 class=\"o-posts-grid-post-title\"><a href=\"https:\/\/isi-beritt.com\/index.php\/ann-kathrin-mit-nattfari\/\">Ann-Kathrin mit N\u00e1ttfari<\/a><\/h4><div class=\"o-posts-grid-post-description\"><p>Ich nehme seit etwa einem halben Jahr regelm\u00e4\u00dfig Unterricht bei Astrid und habe mir ihrer Hilfe in der kurzen Zeit mehr erreicht als die Jahre vorher mit Hilfe verschiedener Reitlehrer. Dank Astrid l\u00e4uft mein Isi nun im Schritt locker, entspannt, schwungvoll und sch\u00f6n Vorw\u00e4rts-Abw\u00e4rts. Auch im Trab \u2026<\/p><a class=\"o-posts-read-more\" href=\"https:\/\/isi-beritt.com\/index.php\/ann-kathrin-mit-nattfari\/\">Read More<\/a><\/div><\/div><\/div><\/div><div class=\"o-posts-grid-post-blog o-posts-grid-post-plain\"><div class=\"o-posts-grid-post\"><div class=\"o-posts-grid-post-image\"><a href=\"https:\/\/isi-beritt.com\/index.php\/steffi-mit-bommel\/\"><img data-opt-id=1493786248  fetchpriority=\"high\" decoding=\"async\" width=\"150\" height=\"150\" src=\"https:\/\/mlicc7hvrqis.i.optimole.com\/w:150\/h:150\/q:mauto\/rt:fill\/g:ce\/f:best\/ig:avif\/https:\/\/isi-beritt.com\/wp-content\/uploads\/2020\/05\/IMG_3985-1.jpg\" class=\"attachment-thumbnail size-thumbnail\" alt=\"Steffi mit Bommel kniend\" \/><\/a><\/div><div class=\"o-posts-grid-post-body\"><h4 class=\"o-posts-grid-post-title\"><a href=\"https:\/\/isi-beritt.com\/index.php\/steffi-mit-bommel\/\">Steffi mit Bommel<\/a><\/h4><div class=\"o-posts-grid-post-description\"><p>Seit rund einem Jahr nehmen mein Shetland-Pony Bommel und ich 2x im Monat eine Langz\u00fcgel-Einheit bei Astrid. In dieser Zeit haben wir beide so viele Fortschritte wie noch nie gemacht. Bommel l\u00e4uft so sch\u00f6n locker und zufrieden und wir konnten auch bereits einige Fortschritte in puncto Seiteng\u00e4ngen e\u2026<\/p><a class=\"o-posts-read-more\" href=\"https:\/\/isi-beritt.com\/index.php\/steffi-mit-bommel\/\">Read More<\/a><\/div><\/div><\/div><\/div><div class=\"o-posts-grid-post-blog o-posts-grid-post-plain\"><div class=\"o-posts-grid-post\"><div class=\"o-posts-grid-post-image\"><a href=\"https:\/\/isi-beritt.com\/index.php\/isabelle-mit-kettlingur\/\"><img data-opt-id=6332615  data-opt-src=\"https:\/\/mlicc7hvrqis.i.optimole.com\/w:150\/h:150\/q:mauto\/rt:fill\/g:ce\/f:best\/ig:avif\/https:\/\/isi-beritt.com\/wp-content\/uploads\/2020\/01\/20180910_130747_Kettlingur.jpg\"  decoding=\"async\" width=\"150\" height=\"150\" src=\"https:\/\/mlicc7hvrqis.i.optimole.com\/w:150\/h:150\/q:eco\/f:best\/ig:avif\/https:\/\/isi-beritt.com\/wp-content\/uploads\/2020\/01\/20180910_130747_Kettlingur.jpg\" class=\"attachment-thumbnail size-thumbnail\" alt=\"Kettlingur auf Wiese\" \/><\/a><\/div><div class=\"o-posts-grid-post-body\"><h4 class=\"o-posts-grid-post-title\"><a href=\"https:\/\/isi-beritt.com\/index.php\/isabelle-mit-kettlingur\/\">Isabelle mit Kettlingur<\/a><\/h4><div class=\"o-posts-grid-post-description\"><p>&#8222;Ein bisschen schade ist es schon, dass wir umziehen werden. Auf dem neuen Hof sind leider nur eigene Reitlehrer gew\u00fcnscht. Nichtsdestotrotz danke ich Dir vielmals f\u00fcr deine Zeit und deinen Unterricht! Obwohl es nicht so oft war habe ich wirklich ordentlich was gelernt, und Ketti genauso. Ich \u2026<\/p><a class=\"o-posts-read-more\" href=\"https:\/\/isi-beritt.com\/index.php\/isabelle-mit-kettlingur\/\">Read More<\/a><\/div><\/div><\/div><\/div><div class=\"o-posts-grid-post-blog o-posts-grid-post-plain\"><div class=\"o-posts-grid-post\"><div class=\"o-posts-grid-post-image\"><a href=\"https:\/\/isi-beritt.com\/index.php\/judith-mit-dagur\/\"><img data-opt-id=1774488255  data-opt-src=\"https:\/\/mlicc7hvrqis.i.optimole.com\/w:150\/h:150\/q:mauto\/rt:fill\/g:ce\/f:best\/ig:avif\/https:\/\/isi-beritt.com\/wp-content\/uploads\/2019\/12\/20190301_Dagur_hp.jpg\"  decoding=\"async\" width=\"150\" height=\"150\" src=\"https:\/\/mlicc7hvrqis.i.optimole.com\/w:150\/h:150\/q:eco\/f:best\/ig:avif\/https:\/\/isi-beritt.com\/wp-content\/uploads\/2019\/12\/20190301_Dagur_hp.jpg\" class=\"attachment-thumbnail size-thumbnail\" alt=\"Dagur\" \/><\/a><\/div><div class=\"o-posts-grid-post-body\"><h4 class=\"o-posts-grid-post-title\"><a href=\"https:\/\/isi-beritt.com\/index.php\/judith-mit-dagur\/\">Judith mit Dagur<\/a><\/h4><div class=\"o-posts-grid-post-description\"><p>Dagur ist ein absoluter Schatz: Ein total liebes und respektvolles Pferd, ruhig und gelassen im Umgang und gleichzeitig fast immer cool und unerschrocken. Als wir uns kennenlernten hatte er trotz&nbsp;seiner 15 Jahre in reiterlicher Hinsicht eher weniger Ausbildung genossen. Biegungen sowie eine Bew\u2026<\/p><a class=\"o-posts-read-more\" href=\"https:\/\/isi-beritt.com\/index.php\/judith-mit-dagur\/\">Read More<\/a><\/div><\/div><\/div><\/div><div class=\"o-posts-grid-post-blog o-posts-grid-post-plain\"><div class=\"o-posts-grid-post\"><div class=\"o-posts-grid-post-image\"><a href=\"https:\/\/isi-beritt.com\/index.php\/annabel-mit-tosca\/\"><img data-opt-id=1902431967  data-opt-src=\"https:\/\/mlicc7hvrqis.i.optimole.com\/w:150\/h:150\/q:mauto\/rt:fill\/g:ce\/f:best\/ig:avif\/https:\/\/isi-beritt.com\/wp-content\/uploads\/2019\/12\/Annabel_Tosca3.jpg\"  decoding=\"async\" width=\"150\" height=\"150\" src=\"https:\/\/mlicc7hvrqis.i.optimole.com\/w:150\/h:150\/q:eco\/f:best\/ig:avif\/https:\/\/isi-beritt.com\/wp-content\/uploads\/2019\/12\/Annabel_Tosca3.jpg\" class=\"attachment-thumbnail size-thumbnail\" alt=\"Annabel und Tosca\" \/><\/a><\/div><div class=\"o-posts-grid-post-body\"><h4 class=\"o-posts-grid-post-title\"><a href=\"https:\/\/isi-beritt.com\/index.php\/annabel-mit-tosca\/\">Annabel mit Tosca<\/a><\/h4><div class=\"o-posts-grid-post-description\"><p>Meine 11 j\u00e4hrige Anglo-Araber Stute Tosca ist nun seit \u00fcber 5 Jahren bei mir. Sie ist mein absolutes Traumpferd und in der Bodenarbeit am Seil oder in der Freiarbeit sind wir ein super Team. Sobald es aber ans Reiten ging, hatte meine Stute Stress, war schnell gelangweilt und unmotiviert; was auf mi\u2026<\/p><a class=\"o-posts-read-more\" href=\"https:\/\/isi-beritt.com\/index.php\/annabel-mit-tosca\/\">Read More<\/a><\/div><\/div><\/div><\/div><div class=\"o-posts-grid-post-blog o-posts-grid-post-plain\"><div class=\"o-posts-grid-post\"><div class=\"o-posts-grid-post-image\"><a href=\"https:\/\/isi-beritt.com\/index.php\/katharina-mit-gjafar\/\"><img data-opt-id=2132121435  data-opt-src=\"https:\/\/mlicc7hvrqis.i.optimole.com\/w:150\/h:150\/q:mauto\/rt:fill\/g:ce\/f:best\/ig:avif\/https:\/\/isi-beritt.com\/wp-content\/uploads\/2019\/09\/20170806_Gjafar-light.jpg\"  decoding=\"async\" width=\"150\" height=\"150\" src=\"https:\/\/mlicc7hvrqis.i.optimole.com\/w:150\/h:150\/q:eco\/f:best\/ig:avif\/https:\/\/isi-beritt.com\/wp-content\/uploads\/2019\/09\/20170806_Gjafar-light.jpg\" class=\"attachment-thumbnail size-thumbnail\" alt=\"Gjafar\" \/><\/a><\/div><div class=\"o-posts-grid-post-body\"><h4 class=\"o-posts-grid-post-title\"><a href=\"https:\/\/isi-beritt.com\/index.php\/katharina-mit-gjafar\/\">Katharina mit Gjafar<\/a><\/h4><div class=\"o-posts-grid-post-description\"><p>Gjafar ist mittlerweile 12 Jahre alt und seit 7 Jahren bei mir. Wir haben damals mit einer Standard-Ausbildung angefangen, womit wir aber nicht voran kamen. Sp\u00e4ter haben wir durch viel Gl\u00fcck mit der akademischen Reitkunst anfangen k\u00f6nnen, womit wir einiges erarbeiten konnten und Gjafar auch endlich \u2026<\/p><a class=\"o-posts-read-more\" href=\"https:\/\/isi-beritt.com\/index.php\/katharina-mit-gjafar\/\">Read More<\/a><\/div><\/div><\/div><\/div><div class=\"o-posts-grid-post-blog o-posts-grid-post-plain\"><div class=\"o-posts-grid-post\"><div class=\"o-posts-grid-post-image\"><a href=\"https:\/\/isi-beritt.com\/index.php\/nadja-mit-willi\/\"><img data-opt-id=1272257042  data-opt-src=\"https:\/\/mlicc7hvrqis.i.optimole.com\/w:150\/h:150\/q:mauto\/rt:fill\/g:ce\/f:best\/ig:avif\/https:\/\/isi-beritt.com\/wp-content\/uploads\/2020\/01\/NadjaWilli-2016-08-31.jpg\"  decoding=\"async\" width=\"150\" height=\"150\" src=\"https:\/\/mlicc7hvrqis.i.optimole.com\/w:150\/h:150\/q:eco\/f:best\/ig:avif\/https:\/\/isi-beritt.com\/wp-content\/uploads\/2020\/01\/NadjaWilli-2016-08-31.jpg\" class=\"attachment-thumbnail size-thumbnail\" alt=\"Nadja und Willi beim Kuscheln\" \/><\/a><\/div><div class=\"o-posts-grid-post-body\"><h4 class=\"o-posts-grid-post-title\"><a href=\"https:\/\/isi-beritt.com\/index.php\/nadja-mit-willi\/\">Nadja mit Willi<\/a><\/h4><div class=\"o-posts-grid-post-description\"><p>Nadja mit Willi August 2016 Ich arbeite jetzt schon ca. 4 Monate mit Astrid zusammen, und ich habe in dieser Zeit unglaublich viel gelernt. Ob es die Bahnregeln sind oder die Anatomie eines Pferdes, \u00fcber den Aufbau der Muskulatur oder wie ein Pferd seine Losgelassenheit und Anlehnung findet, \u00fcber je\u2026<\/p><a class=\"o-posts-read-more\" href=\"https:\/\/isi-beritt.com\/index.php\/nadja-mit-willi\/\">Read More<\/a><\/div><\/div><\/div><\/div><div class=\"o-posts-grid-post-blog o-posts-grid-post-plain\"><div class=\"o-posts-grid-post\"><div class=\"o-posts-grid-post-image\"><a href=\"https:\/\/isi-beritt.com\/index.php\/caroline-mit-sina\/\"><img data-opt-id=1884711660  data-opt-src=\"https:\/\/mlicc7hvrqis.i.optimole.com\/w:auto\/h:auto\/q:mauto\/f:best\/ig:avif\/https:\/\/isi-beritt.com\/wp-content\/uploads\/2019\/12\/CarolinemitSina.jpg\"  decoding=\"async\" width=\"150\" height=\"113\" src=\"https:\/\/mlicc7hvrqis.i.optimole.com\/w:auto\/h:auto\/q:eco\/f:best\/ig:avif\/https:\/\/isi-beritt.com\/wp-content\/uploads\/2019\/12\/CarolinemitSina.jpg\" class=\"attachment-thumbnail size-thumbnail\" alt=\"Caroline mit Sina\" old-srcset=\"https:\/\/mlicc7hvrqis.i.optimole.com\/w:1440\/h:1080\/q:mauto\/f:best\/ig:avif\/https:\/\/isi-beritt.com\/wp-content\/uploads\/2019\/12\/CarolinemitSina.jpg 2560w, https:\/\/mlicc7hvrqis.i.optimole.com\/w:300\/h:225\/q:mauto\/f:best\/ig:avif\/https:\/\/isi-beritt.com\/wp-content\/uploads\/2019\/12\/CarolinemitSina.jpg 300w\" \/><\/a><\/div><div class=\"o-posts-grid-post-body\"><h4 class=\"o-posts-grid-post-title\"><a href=\"https:\/\/isi-beritt.com\/index.php\/caroline-mit-sina\/\">Caroline mit Sina<\/a><\/h4><div class=\"o-posts-grid-post-description\"><p>Mit meiner Sina habe ich mir einen Kindheitstraum erf\u00fcllt, ein eigenes Pferd. Die Sina ist eine 8-j\u00e4hrige Oldenburger Stute. Es war Liebe auf den ersten Blick, als ich in ihre braunen Augen sah. Sie war 6-Jahre alt, nur angeritten und was ich nicht wusste, ziemlich schreckhaft, verursacht gr\u00f6\u00dftentei\u2026<\/p><a class=\"o-posts-read-more\" href=\"https:\/\/isi-beritt.com\/index.php\/caroline-mit-sina\/\">Read More<\/a><\/div><\/div><\/div><\/div><div class=\"o-posts-grid-post-blog o-posts-grid-post-plain\"><div class=\"o-posts-grid-post\"><div class=\"o-posts-grid-post-image\"><a href=\"https:\/\/isi-beritt.com\/index.php\/kerstin-und-annika-mit-dropi-und-njall\/\"><img data-opt-id=2078156271  data-opt-src=\"https:\/\/mlicc7hvrqis.i.optimole.com\/w:150\/h:150\/q:mauto\/rt:fill\/g:ce\/f:best\/ig:avif\/https:\/\/isi-beritt.com\/wp-content\/uploads\/2020\/01\/Unterricht-Annika_Njall.jpg\"  decoding=\"async\" width=\"150\" height=\"150\" src=\"https:\/\/mlicc7hvrqis.i.optimole.com\/w:150\/h:150\/q:eco\/f:best\/ig:avif\/https:\/\/isi-beritt.com\/wp-content\/uploads\/2020\/01\/Unterricht-Annika_Njall.jpg\" class=\"attachment-thumbnail size-thumbnail\" alt=\"Unterricht mit Annika und Nj\u00e1ll\" \/><\/a><\/div><div class=\"o-posts-grid-post-body\"><h4 class=\"o-posts-grid-post-title\"><a href=\"https:\/\/isi-beritt.com\/index.php\/kerstin-und-annika-mit-dropi-und-njall\/\">Kerstin und Annika mit Dropi und Nj\u00e1ll<\/a><\/h4><div class=\"o-posts-grid-post-description\"><p>&#8222;Astrid kommt seit M\u00e4rz 2013 fast w\u00f6chentlich zu uns auf den Hof. Wir sind ihr sehr dankbar, dass sie uns schon viele wertvolle Tipps rund ums Thema Islandpferd geben konnte, und meine Tochter Annika sch\u00e4tzt sie sehr als Reitlehrerin. Auch unsere beiden Isl\u00e4nder Dropi und Njall arbeiten gerne \u2026<\/p><a class=\"o-posts-read-more\" href=\"https:\/\/isi-beritt.com\/index.php\/kerstin-und-annika-mit-dropi-und-njall\/\">Read More<\/a><\/div><\/div><\/div><\/div><div class=\"o-posts-grid-post-blog o-posts-grid-post-plain\"><div class=\"o-posts-grid-post\"><div class=\"o-posts-grid-post-image\"><a href=\"https:\/\/isi-beritt.com\/index.php\/birgit-mit-gigia-und-gryla\/\"><img data-opt-id=226366203  data-opt-src=\"https:\/\/mlicc7hvrqis.i.optimole.com\/w:150\/h:150\/q:mauto\/rt:fill\/g:ce\/f:best\/ig:avif\/https:\/\/isi-beritt.com\/wp-content\/uploads\/2019\/12\/BirgitGigjaGryla.jpg\"  decoding=\"async\" width=\"150\" height=\"150\" src=\"https:\/\/mlicc7hvrqis.i.optimole.com\/w:150\/h:150\/q:eco\/f:best\/ig:avif\/https:\/\/isi-beritt.com\/wp-content\/uploads\/2019\/12\/BirgitGigjaGryla.jpg\" class=\"attachment-thumbnail size-thumbnail\" alt=\"Birgit mit Gigja und Gryla\" \/><\/a><\/div><div class=\"o-posts-grid-post-body\"><h4 class=\"o-posts-grid-post-title\"><a href=\"https:\/\/isi-beritt.com\/index.php\/birgit-mit-gigia-und-gryla\/\">Birgit mit Gigia und Gr\u00fdla<\/a><\/h4><div class=\"o-posts-grid-post-description\"><p>Meine beiden Islandstuten Gr\u00fdla und Gigja sind meine besten Freunde. Gr\u00fdla ist schon seit 16 Jahren bei mir und wir haben schon so viel zusammen erlebt. Wir vertrauen uns blind und k\u00f6nnen uns immer aufeinander verlassen. Vor etwa einem Jahr ist die junge Gigja zu uns gesto\u00dfen. Sie befindet sich gera\u2026<\/p><a class=\"o-posts-read-more\" href=\"https:\/\/isi-beritt.com\/index.php\/birgit-mit-gigia-und-gryla\/\">Read More<\/a><\/div><\/div><\/div><\/div><\/div> <\/div>","protected":false},"excerpt":{"rendered":"","protected":false},"author":5,"featured_media":0,"parent":0,"menu_order":0,"comment_status":"closed","ping_status":"closed","template":"","meta":{"_acf_changed":false,"neve_meta_sidebar":"","neve_meta_container":"","neve_meta_enable_content_width":"","neve_meta_content_width":0,"neve_meta_title_alignment":"","neve_meta_author_avatar":"","neve_post_elements_order":"","neve_meta_disable_header":"","neve_meta_disable_footer":"","neve_meta_disable_title":"","neve_meta_reading_time":"","_themeisle_gutenberg_block_has_review":false,"footnotes":""},"class_list":["post-101","page","type-page","status-publish","hentry"],"acf":[],"yoast_head":"<!-- This site is optimized with the Yoast SEO plugin v27.5 - https:\/\/yoast.com\/product\/yoast-seo-wordpress\/ -->\n<title>Fotos und Statements - isi-beritt.com<\/title>\n<meta name=\"description\" content=\"Pferdegerechte Ausbildung, Anreiten und Beritt von Islandpferden, APM am Pferd, hilfe bei einem Problempferd\" \/>\n<meta name=\"robots\" content=\"index, follow, max-snippet:-1, max-image-preview:large, max-video-preview:-1\" \/>\n<link rel=\"canonical\" href=\"https:\/\/isi-beritt.com\/index.php\/fotos-und-statements\/\" \/>\n<meta property=\"og:locale\" content=\"de_DE\" \/>\n<meta property=\"og:type\" content=\"article\" \/>\n<meta property=\"og:title\" content=\"Fotos und Statements - isi-beritt.com\" \/>\n<meta property=\"og:description\" content=\"Pferdegerechte Ausbildung, Anreiten und Beritt von Islandpferden, APM am Pferd, hilfe bei einem Problempferd\" \/>\n<meta property=\"og:url\" content=\"https:\/\/isi-beritt.com\/index.php\/fotos-und-statements\/\" \/>\n<meta property=\"og:site_name\" content=\"isi-beritt.com\" \/>\n<meta property=\"article:modified_time\" content=\"2023-09-10T13:58:12+00:00\" \/>\n<meta name=\"twitter:card\" content=\"summary_large_image\" \/>\n<script type=\"application\/ld+json\" class=\"yoast-schema-graph\">{\"@context\":\"https:\\\/\\\/schema.org\",\"@graph\":[{\"@type\":\"WebPage\",\"@id\":\"https:\\\/\\\/isi-beritt.com\\\/index.php\\\/fotos-und-statements\\\/\",\"url\":\"https:\\\/\\\/isi-beritt.com\\\/index.php\\\/fotos-und-statements\\\/\",\"name\":\"Fotos und Statements - isi-beritt.com\",\"isPartOf\":{\"@id\":\"https:\\\/\\\/isi-beritt.com\\\/#website\"},\"datePublished\":\"2019-08-27T19:25:48+00:00\",\"dateModified\":\"2023-09-10T13:58:12+00:00\",\"description\":\"Pferdegerechte Ausbildung, Anreiten und Beritt von Islandpferden, APM am Pferd, hilfe bei einem Problempferd\",\"breadcrumb\":{\"@id\":\"https:\\\/\\\/isi-beritt.com\\\/index.php\\\/fotos-und-statements\\\/#breadcrumb\"},\"inLanguage\":\"de\",\"potentialAction\":[{\"@type\":\"ReadAction\",\"target\":[\"https:\\\/\\\/isi-beritt.com\\\/index.php\\\/fotos-und-statements\\\/\"]}]},{\"@type\":\"BreadcrumbList\",\"@id\":\"https:\\\/\\\/isi-beritt.com\\\/index.php\\\/fotos-und-statements\\\/#breadcrumb\",\"itemListElement\":[{\"@type\":\"ListItem\",\"position\":1,\"name\":\"Startseite\",\"item\":\"https:\\\/\\\/isi-beritt.com\\\/\"},{\"@type\":\"ListItem\",\"position\":2,\"name\":\"Fotos und Statements\"}]},{\"@type\":\"WebSite\",\"@id\":\"https:\\\/\\\/isi-beritt.com\\\/#website\",\"url\":\"https:\\\/\\\/isi-beritt.com\\\/\",\"name\":\"isi-beritt.com\",\"description\":\"Pferdegerechte Ausbildung, Anreiten und Beritt von Pferden, Reitunterricht nach biomechanischen Grunds\u00e4tzen, APM am Pferd, Hilfe bei einem Problempferd\",\"publisher\":{\"@id\":\"https:\\\/\\\/isi-beritt.com\\\/#organization\"},\"potentialAction\":[{\"@type\":\"SearchAction\",\"target\":{\"@type\":\"EntryPoint\",\"urlTemplate\":\"https:\\\/\\\/isi-beritt.com\\\/?s={search_term_string}\"},\"query-input\":{\"@type\":\"PropertyValueSpecification\",\"valueRequired\":true,\"valueName\":\"search_term_string\"}}],\"inLanguage\":\"de\"},{\"@type\":\"Organization\",\"@id\":\"https:\\\/\\\/isi-beritt.com\\\/#organization\",\"name\":\"isi-beritt.com\",\"url\":\"https:\\\/\\\/isi-beritt.com\\\/\",\"logo\":{\"@type\":\"ImageObject\",\"inLanguage\":\"de\",\"@id\":\"https:\\\/\\\/isi-beritt.com\\\/#\\\/schema\\\/logo\\\/image\\\/\",\"url\":\"https:\\/\\/mlicc7hvrqis.i.optimole.com\\/w:180\\/h:150\\/q:mauto\\/f:best\\/ig:avif\\/https:\\/\\/isi-beritt.com\\/wp-content\\/uploads\\/2019\\/09\\/ISI_Tolt-frei.gif\",\"contentUrl\":\"https:\\/\\/mlicc7hvrqis.i.optimole.com\\/w:180\\/h:150\\/q:mauto\\/f:best\\/ig:avif\\/https:\\/\\/isi-beritt.com\\/wp-content\\/uploads\\/2019\\/09\\/ISI_Tolt-frei.gif\",\"width\":180,\"height\":150,\"caption\":\"isi-beritt.com\"},\"image\":{\"@id\":\"https:\\\/\\\/isi-beritt.com\\\/#\\\/schema\\\/logo\\\/image\\\/\"}}]}<\/script>\n<!-- \/ Yoast SEO plugin. -->","yoast_head_json":{"title":"Fotos und Statements - isi-beritt.com","description":"Pferdegerechte Ausbildung, Anreiten und Beritt von Islandpferden, APM am Pferd, hilfe bei einem Problempferd","robots":{"index":"index","follow":"follow","max-snippet":"max-snippet:-1","max-image-preview":"max-image-preview:large","max-video-preview":"max-video-preview:-1"},"canonical":"https:\/\/isi-beritt.com\/index.php\/fotos-und-statements\/","og_locale":"de_DE","og_type":"article","og_title":"Fotos und Statements - isi-beritt.com","og_description":"Pferdegerechte Ausbildung, Anreiten und Beritt von Islandpferden, APM am Pferd, hilfe bei einem Problempferd","og_url":"https:\/\/isi-beritt.com\/index.php\/fotos-und-statements\/","og_site_name":"isi-beritt.com","article_modified_time":"2023-09-10T13:58:12+00:00","twitter_card":"summary_large_image","schema":{"@context":"https:\/\/schema.org","@graph":[{"@type":"WebPage","@id":"https:\/\/isi-beritt.com\/index.php\/fotos-und-statements\/","url":"https:\/\/isi-beritt.com\/index.php\/fotos-und-statements\/","name":"Fotos und Statements - isi-beritt.com","isPartOf":{"@id":"https:\/\/isi-beritt.com\/#website"},"datePublished":"2019-08-27T19:25:48+00:00","dateModified":"2023-09-10T13:58:12+00:00","description":"Pferdegerechte Ausbildung, Anreiten und Beritt von Islandpferden, APM am Pferd, hilfe bei einem Problempferd","breadcrumb":{"@id":"https:\/\/isi-beritt.com\/index.php\/fotos-und-statements\/#breadcrumb"},"inLanguage":"de","potentialAction":[{"@type":"ReadAction","target":["https:\/\/isi-beritt.com\/index.php\/fotos-und-statements\/"]}]},{"@type":"BreadcrumbList","@id":"https:\/\/isi-beritt.com\/index.php\/fotos-und-statements\/#breadcrumb","itemListElement":[{"@type":"ListItem","position":1,"name":"Startseite","item":"https:\/\/isi-beritt.com\/"},{"@type":"ListItem","position":2,"name":"Fotos und Statements"}]},{"@type":"WebSite","@id":"https:\/\/isi-beritt.com\/#website","url":"https:\/\/isi-beritt.com\/","name":"isi-beritt.com","description":"Pferdegerechte Ausbildung, Anreiten und Beritt von Pferden, Reitunterricht nach biomechanischen Grunds\u00e4tzen, APM am Pferd, Hilfe bei einem Problempferd","publisher":{"@id":"https:\/\/isi-beritt.com\/#organization"},"potentialAction":[{"@type":"SearchAction","target":{"@type":"EntryPoint","urlTemplate":"https:\/\/isi-beritt.com\/?s={search_term_string}"},"query-input":{"@type":"PropertyValueSpecification","valueRequired":true,"valueName":"search_term_string"}}],"inLanguage":"de"},{"@type":"Organization","@id":"https:\/\/isi-beritt.com\/#organization","name":"isi-beritt.com","url":"https:\/\/isi-beritt.com\/","logo":{"@type":"ImageObject","inLanguage":"de","@id":"https:\/\/isi-beritt.com\/#\/schema\/logo\/image\/","url":"https:\/\/mlicc7hvrqis.i.optimole.com\/w:180\/h:150\/q:mauto\/f:best\/ig:avif\/https:\/\/isi-beritt.com\/wp-content\/uploads\/2019\/09\/ISI_Tolt-frei.gif","contentUrl":"https:\/\/mlicc7hvrqis.i.optimole.com\/w:180\/h:150\/q:mauto\/f:best\/ig:avif\/https:\/\/isi-beritt.com\/wp-content\/uploads\/2019\/09\/ISI_Tolt-frei.gif","width":180,"height":150,"caption":"isi-beritt.com"},"image":{"@id":"https:\/\/isi-beritt.com\/#\/schema\/logo\/image\/"}}]}},"publishpress_future_action":{"enabled":false,"date":"2026-05-06 02:38:36","action":"change-status","newStatus":"draft","terms":[],"taxonomy":"","extraData":[]},"publishpress_future_workflow_manual_trigger":{"enabledWorkflows":[]},"_links":{"self":[{"href":"https:\/\/isi-beritt.com\/index.php\/wp-json\/wp\/v2\/pages\/101","targetHints":{"allow":["GET"]}}],"collection":[{"href":"https:\/\/isi-beritt.com\/index.php\/wp-json\/wp\/v2\/pages"}],"about":[{"href":"https:\/\/isi-beritt.com\/index.php\/wp-json\/wp\/v2\/types\/page"}],"author":[{"embeddable":true,"href":"https:\/\/isi-beritt.com\/index.php\/wp-json\/wp\/v2\/users\/5"}],"replies":[{"embeddable":true,"href":"https:\/\/isi-beritt.com\/index.php\/wp-json\/wp\/v2\/comments?post=101"}],"version-history":[{"count":2,"href":"https:\/\/isi-beritt.com\/index.php\/wp-json\/wp\/v2\/pages\/101\/revisions"}],"predecessor-version":[{"id":1551,"href":"https:\/\/isi-beritt.com\/index.php\/wp-json\/wp\/v2\/pages\/101\/revisions\/1551"}],"wp:attachment":[{"href":"https:\/\/isi-beritt.com\/index.php\/wp-json\/wp\/v2\/media?parent=101"}],"curies":[{"name":"wp","href":"https:\/\/api.w.org\/{rel}","templated":true}]}}