{"id":13,"date":"2019-08-23T19:03:14","date_gmt":"2019-08-23T18:03:14","guid":{"rendered":"http:\/\/isi-beritt.homepage.t-online.de\/wordpress?page_id=13"},"modified":"2026-02-01T16:05:12","modified_gmt":"2026-02-01T15:05:12","slug":"homeisi-berit-startseite","status":"publish","type":"page","link":"https:\/\/isi-beritt.com\/","title":{"rendered":"Home"},"content":{"rendered":"\n<h1 class=\"wp-block-heading has-text-align-center\">Pferdegerechte Ausbildung, Anreiten und Beritt nach biomechanischen Grunds\u00e4tzen &#8211; Islandpferde und andere Rassen<\/h1>\n\n\n\n<div class=\"wp-block-columns has-small-font-size is-layout-flex wp-container-core-columns-is-layout-9d6595d7 wp-block-columns-is-layout-flex\" style=\"font-style:normal;font-weight:700\">\n<div class=\"wp-block-column is-vertically-aligned-center is-layout-flow wp-block-column-is-layout-flow\" style=\"flex-basis:50%\">\n<h1 id=\"wp-block-themeisle-blocks-advanced-heading-ad02222e\" class=\"wp-block-themeisle-blocks-advanced-heading wp-block-themeisle-blocks-advanced-heading-ad02222e wp-block-heading\"><strong>i<\/strong> <strong><a data-wplink-edit=\"true\" href=\"https:\/\/isi-beritt.com\/index.php\/isi-individuell-strukturiert-intrinsisch\/\">individuell<\/a><\/strong><br><strong>S<\/strong> <strong><a data-wplink-edit=\"true\" href=\"https:\/\/isi-beritt.com\/index.php\/isi-individuell-strukturiert-intrinsisch\/\">strukturiert<\/a><\/strong><br><strong>i<\/strong> <strong><a data-wplink-edit=\"true\" href=\"https:\/\/isi-beritt.com\/index.php\/isi-individuell-strukturiert-intrinsisch\/\">intrinsisch<\/a><\/strong><\/h1>\n<\/div>\n\n\n\n<div class=\"wp-block-column is-vertically-aligned-center is-layout-flow wp-block-column-is-layout-flow\" style=\"flex-basis:50%\"><div class=\"wp-block-image is-style-default\">\n<figure class=\"aligncenter\"><img data-opt-id=1287582740  fetchpriority=\"high\" decoding=\"async\" width=\"232\" height=\"201\" src=\"https:\/\/mlicc7hvrqis.i.optimole.com\/w:auto\/h:auto\/q:mauto\/f:best\/ig:avif\/https:\/\/isi-beritt.com\/wp-content\/uploads\/2020\/07\/AstridOskar.jpg\" alt=\"Astrid Winterhalter mit Oskar\" class=\"wp-image-694\" title=\"Astrid Winterhalter mit Oskar\"\/><\/figure>\n<\/div><\/div>\n<\/div>\n\n\n<div class=\"breadcrumbs align  wp-block-bcn-breadcrumb-trail has-text-color has-background\" vocab=\"https:\/\/schema.org\/\" typeof=\"BreadcrumbList\">\n\t<span><\/span>\n\t<span property=\"itemListElement\" typeof=\"ListItem\"><a property=\"item\" typeof=\"WebPage\" title=\"Go to isi-beritt.com.\" href=\"https:\/\/isi-beritt.com\" class=\"home\" aria-current=\"page\"><span property=\"name\">isi-beritt.com<\/span><\/a><meta property=\"position\" content=\"1\"><\/span><\/div>\n\n\n\n<h4 class=\"wp-block-heading has-text-align-center\" id=\"leitgedanken\">Leitgedanken<\/h4>\n\n\n\n<p class=\"has-text-align-left\">Wer   tr\u00e4umt nicht davon, eine so harmonische Beziehung zu seinem Pferd  zu   haben, dass man sich blind versteht und man quasi eins mit ihm  wird?   Jeder, der dieses Gef\u00fchl schon einmal hatte, m\u00f6chte nie wieder  darauf   verzichten und jenen, die es noch nicht kennen, w\u00fcnsche ich,  dass sie es   eines Tages erleben werden.<\/p>\n\n\n\n<h4 class=\"wp-block-heading has-text-align-center\" id=\"aufbau-der-beziehung\">Aufbau der Beziehung<\/h4>\n\n\n\n<p class=\"has-text-align-left\">Wie  jede echte Partnerschaft basiert auch die Beziehung   zwischen Mensch und  Pferd auf gegenseitigem Vertrauen und Respekt. Das Ziel jeglicher Aus-  oder Weiterbildung eines Pferdes ist f\u00fcr mich in                                      jedem Fall immer diese Harmonie zu erreichen und das Pferd zu einem  verl\u00e4sslichen Partner zu machen. Daher ist es meines Erachtens sehr  wichtig, zun\u00e4chst eventuell vorhandene \u00c4ngste ab- und ein Grundvertrauen  aufzubauen. Diese Basis nutze ich dann als Ausgangspunkt, um dem Pferd  die mit dem Besitzer abgesprochenen Inhalte gef\u00fchlvoll und <a href=\"https:\/\/isi-beritt.com\/index.php\/wissenswertes\/die-skala-der-ausbildung\/\">pferdegerecht <\/a> zu vermitteln.   Hierbei kann es sich um das Anreiten, Longieren,  Bodenarbeit oder das Erlernen bzw. Verbessern oder Korrigieren von  G\u00e4ngen oder einfachen   Dressurelementen handeln. Hilfsz\u00fcgel oder andere  Utensilien, die Pferde   in eine Form zwingen, lehne ich grunds\u00e4tzlich ab,  ebenso den Einsatz   von z.B. Sporen. Eine Gerte dient bei mir nie als  Schlaginstrument,   sodass die Pferde keine Angst davor zu entwickeln  brauchen.<\/p>\n\n\n\n<h4 class=\"wp-block-heading has-text-align-center\" id=\"individuell\">Individuell<\/h4>\n\n\n\n<p class=\"has-text-align-left\">Da  alle Pferde unterschiedlich sind, mehr oder weniger sensibel,  verschieden im Temperament und schneller oder langsamer im    Lernfortschritt, mache ich bewusst keine Angaben zur Ausbildungsdauer,    denn diese ist durch das Pferd bestimmt. Es ist aus meiner Erfahrung    weder sinnvoll noch pferdegerecht, alle Tiere in das gleiche Schema und    den gleichen Ablauf zu zwingen. Pferde k\u00f6nnen nur dann das n\u00f6tige    Vertrauen zu uns Menschen aufbauen, wenn wir nicht etwas von ihnen    verlangen, was ihnen zu einem bestimmten Zeitpunkt einfach noch nicht    m\u00f6glich ist. F\u00fcr einen nachhaltigen Lernfortschritt ist es mir daher    wichtig, das Pferd weder zu \u00fcber- noch zu unterfordern, sondern f\u00fcr    jedes Tier das zu ihm passende Lernpensum zu finden. Im Optimalfall    erhalten Sie nach der Ausbildung ein Pferd, das im Rahmen seiner    M\u00f6glichkeiten (Interieur und Exterieur) motiviert und konzentriert    mitarbeitet, wie auch immer Ihre Ziele aussehen m\u00f6gen.   <\/p>\n","protected":false},"excerpt":{"rendered":"<p>Pferdegerechte Ausbildung, Anreiten und Beritt nach biomechanischen Grunds\u00e4tzen &#8211; Islandpferde und andere Rassen Leitgedanken Wer tr\u00e4umt nicht davon, eine so harmonische Beziehung zu seinem Pferd zu haben, dass man sich blind versteht und man quasi eins mit ihm wird? Jeder, der dieses Gef\u00fchl schon einmal hatte, m\u00f6chte nie wieder darauf verzichten und jenen, die es&hellip;&nbsp;<\/p>\n","protected":false},"author":5,"featured_media":0,"parent":0,"menu_order":0,"comment_status":"closed","ping_status":"closed","template":"","meta":{"_acf_changed":false,"neve_meta_sidebar":"","neve_meta_container":"","neve_meta_enable_content_width":"","neve_meta_content_width":0,"neve_meta_title_alignment":"","neve_meta_author_avatar":"","neve_post_elements_order":"","neve_meta_disable_header":"","neve_meta_disable_footer":"","neve_meta_disable_title":"","neve_meta_reading_time":"","_themeisle_gutenberg_block_has_review":false,"footnotes":""},"class_list":["post-13","page","type-page","status-publish","hentry"],"acf":[],"yoast_head":"<!-- This site is optimized with the Yoast SEO plugin v27.5 - https:\/\/yoast.com\/product\/yoast-seo-wordpress\/ -->\n<title>Pferdegerechte Ausbildung, Anreiten und Beritt von Pferden isi-beritt.com<\/title>\n<meta name=\"description\" content=\"Pferdegerechte Ausbildung, Anreiten und Beritt von Pferden, Reitunterricht nach biomechanischen Grunds\u00e4tzen, APM am Pferd, Hilfe bei einem Problempferd\" \/>\n<meta name=\"robots\" content=\"index, follow, max-snippet:-1, max-image-preview:large, max-video-preview:-1\" \/>\n<link rel=\"canonical\" href=\"https:\/\/isi-beritt.com\/\" \/>\n<meta property=\"og:locale\" content=\"de_DE\" \/>\n<meta property=\"og:type\" content=\"article\" \/>\n<meta property=\"og:title\" content=\"Pferdegerechte Ausbildung, Anreiten und Beritt von Pferden isi-beritt.com\" \/>\n<meta property=\"og:description\" content=\"Pferdegerechte Ausbildung, Anreiten und Beritt von Pferden, Reitunterricht nach biomechanischen Grunds\u00e4tzen, APM am Pferd, Hilfe bei einem Problempferd\" \/>\n<meta property=\"og:url\" content=\"https:\/\/isi-beritt.com\/\" \/>\n<meta property=\"og:site_name\" content=\"isi-beritt.com\" \/>\n<meta property=\"article:modified_time\" content=\"2026-02-01T15:05:12+00:00\" \/>\n<meta property=\"og:image\" content=\"https:\/\/mlicc7hvrqis.i.optimole.com\/w:auto\/h:auto\/q:mauto\/f:best\/ig:avif\/https:\/\/isi-beritt.com\/wp-content\/uploads\/2020\/07\/AstridOskar.jpg\" \/>\n\t<meta property=\"og:image:width\" content=\"232\" \/>\n\t<meta property=\"og:image:height\" content=\"201\" \/>\n\t<meta property=\"og:image:type\" content=\"image\/jpeg\" \/>\n<meta name=\"twitter:card\" content=\"summary_large_image\" \/>\n<meta name=\"twitter:label1\" content=\"Gesch\u00e4tzte Lesezeit\" \/>\n\t<meta name=\"twitter:data1\" content=\"3\u00a0Minuten\" \/>\n<script type=\"application\/ld+json\" class=\"yoast-schema-graph\">{\"@context\":\"https:\\\/\\\/schema.org\",\"@graph\":[{\"@type\":\"WebPage\",\"@id\":\"https:\\\/\\\/isi-beritt.com\\\/\",\"url\":\"https:\\\/\\\/isi-beritt.com\\\/\",\"name\":\"Pferdegerechte Ausbildung, Anreiten und Beritt von Pferden isi-beritt.com\",\"isPartOf\":{\"@id\":\"https:\\\/\\\/isi-beritt.com\\\/#website\"},\"primaryImageOfPage\":{\"@id\":\"https:\\\/\\\/isi-beritt.com\\\/#primaryimage\"},\"image\":{\"@id\":\"https:\\\/\\\/isi-beritt.com\\\/#primaryimage\"},\"thumbnailUrl\":\"https:\\/\\/isi-beritt.com\\/wp-content\\/uploads\\/2020\\/07\\/AstridOskar.jpg\",\"datePublished\":\"2019-08-23T18:03:14+00:00\",\"dateModified\":\"2026-02-01T15:05:12+00:00\",\"description\":\"Pferdegerechte Ausbildung, Anreiten und Beritt von Pferden, Reitunterricht nach biomechanischen Grunds\u00e4tzen, APM am Pferd, Hilfe bei einem Problempferd\",\"breadcrumb\":{\"@id\":\"https:\\\/\\\/isi-beritt.com\\\/#breadcrumb\"},\"inLanguage\":\"de\",\"potentialAction\":[{\"@type\":\"ReadAction\",\"target\":[\"https:\\\/\\\/isi-beritt.com\\\/\"]}]},{\"@type\":\"ImageObject\",\"inLanguage\":\"de\",\"@id\":\"https:\\\/\\\/isi-beritt.com\\\/#primaryimage\",\"url\":\"https:\\/\\/isi-beritt.com\\/wp-content\\/uploads\\/2020\\/07\\/AstridOskar.jpg\",\"contentUrl\":\"https:\\/\\/isi-beritt.com\\/wp-content\\/uploads\\/2020\\/07\\/AstridOskar.jpg\",\"width\":232,\"height\":201,\"caption\":\"Astrid mit Oskar\"},{\"@type\":\"BreadcrumbList\",\"@id\":\"https:\\\/\\\/isi-beritt.com\\\/#breadcrumb\",\"itemListElement\":[{\"@type\":\"ListItem\",\"position\":1,\"name\":\"Startseite\",\"item\":\"https:\\\/\\\/isi-beritt.com\\\/\"},{\"@type\":\"ListItem\",\"position\":2,\"name\":\"Home\"}]},{\"@type\":\"WebSite\",\"@id\":\"https:\\\/\\\/isi-beritt.com\\\/#website\",\"url\":\"https:\\\/\\\/isi-beritt.com\\\/\",\"name\":\"isi-beritt.com\",\"description\":\"Pferdegerechte Ausbildung, Anreiten und Beritt von Pferden, Reitunterricht nach biomechanischen Grunds\u00e4tzen, APM am Pferd, Hilfe bei einem Problempferd\",\"publisher\":{\"@id\":\"https:\\\/\\\/isi-beritt.com\\\/#organization\"},\"potentialAction\":[{\"@type\":\"SearchAction\",\"target\":{\"@type\":\"EntryPoint\",\"urlTemplate\":\"https:\\\/\\\/isi-beritt.com\\\/?s={search_term_string}\"},\"query-input\":{\"@type\":\"PropertyValueSpecification\",\"valueRequired\":true,\"valueName\":\"search_term_string\"}}],\"inLanguage\":\"de\"},{\"@type\":\"Organization\",\"@id\":\"https:\\\/\\\/isi-beritt.com\\\/#organization\",\"name\":\"isi-beritt.com\",\"url\":\"https:\\\/\\\/isi-beritt.com\\\/\",\"logo\":{\"@type\":\"ImageObject\",\"inLanguage\":\"de\",\"@id\":\"https:\\\/\\\/isi-beritt.com\\\/#\\\/schema\\\/logo\\\/image\\\/\",\"url\":\"https:\\/\\/mlicc7hvrqis.i.optimole.com\\/w:180\\/h:150\\/q:mauto\\/f:best\\/ig:avif\\/https:\\/\\/isi-beritt.com\\/wp-content\\/uploads\\/2019\\/09\\/ISI_Tolt-frei.gif\",\"contentUrl\":\"https:\\/\\/mlicc7hvrqis.i.optimole.com\\/w:180\\/h:150\\/q:mauto\\/f:best\\/ig:avif\\/https:\\/\\/isi-beritt.com\\/wp-content\\/uploads\\/2019\\/09\\/ISI_Tolt-frei.gif\",\"width\":180,\"height\":150,\"caption\":\"isi-beritt.com\"},\"image\":{\"@id\":\"https:\\\/\\\/isi-beritt.com\\\/#\\\/schema\\\/logo\\\/image\\\/\"}}]}<\/script>\n<!-- \/ Yoast SEO plugin. -->","yoast_head_json":{"title":"Pferdegerechte Ausbildung, Anreiten und Beritt von Pferden isi-beritt.com","description":"Pferdegerechte Ausbildung, Anreiten und Beritt von Pferden, Reitunterricht nach biomechanischen Grunds\u00e4tzen, APM am Pferd, Hilfe bei einem Problempferd","robots":{"index":"index","follow":"follow","max-snippet":"max-snippet:-1","max-image-preview":"max-image-preview:large","max-video-preview":"max-video-preview:-1"},"canonical":"https:\/\/isi-beritt.com\/","og_locale":"de_DE","og_type":"article","og_title":"Pferdegerechte Ausbildung, Anreiten und Beritt von Pferden isi-beritt.com","og_description":"Pferdegerechte Ausbildung, Anreiten und Beritt von Pferden, Reitunterricht nach biomechanischen Grunds\u00e4tzen, APM am Pferd, Hilfe bei einem Problempferd","og_url":"https:\/\/isi-beritt.com\/","og_site_name":"isi-beritt.com","article_modified_time":"2026-02-01T15:05:12+00:00","og_image":[{"width":232,"height":201,"url":"https:\/\/mlicc7hvrqis.i.optimole.com\/w:auto\/h:auto\/q:mauto\/f:best\/ig:avif\/https:\/\/isi-beritt.com\/wp-content\/uploads\/2020\/07\/AstridOskar.jpg","type":"image\/jpeg"}],"twitter_card":"summary_large_image","twitter_misc":{"Gesch\u00e4tzte Lesezeit":"3\u00a0Minuten"},"schema":{"@context":"https:\/\/schema.org","@graph":[{"@type":"WebPage","@id":"https:\/\/isi-beritt.com\/","url":"https:\/\/isi-beritt.com\/","name":"Pferdegerechte Ausbildung, Anreiten und Beritt von Pferden isi-beritt.com","isPartOf":{"@id":"https:\/\/isi-beritt.com\/#website"},"primaryImageOfPage":{"@id":"https:\/\/isi-beritt.com\/#primaryimage"},"image":{"@id":"https:\/\/isi-beritt.com\/#primaryimage"},"thumbnailUrl":"https:\/\/mlicc7hvrqis.i.optimole.com\/w:auto\/h:auto\/q:mauto\/f:best\/ig:avif\/https:\/\/isi-beritt.com\/wp-content\/uploads\/2020\/07\/AstridOskar.jpg","datePublished":"2019-08-23T18:03:14+00:00","dateModified":"2026-02-01T15:05:12+00:00","description":"Pferdegerechte Ausbildung, Anreiten und Beritt von Pferden, Reitunterricht nach biomechanischen Grunds\u00e4tzen, APM am Pferd, Hilfe bei einem Problempferd","breadcrumb":{"@id":"https:\/\/isi-beritt.com\/#breadcrumb"},"inLanguage":"de","potentialAction":[{"@type":"ReadAction","target":["https:\/\/isi-beritt.com\/"]}]},{"@type":"ImageObject","inLanguage":"de","@id":"https:\/\/isi-beritt.com\/#primaryimage","url":"https:\/\/mlicc7hvrqis.i.optimole.com\/w:auto\/h:auto\/q:mauto\/f:best\/ig:avif\/https:\/\/isi-beritt.com\/wp-content\/uploads\/2020\/07\/AstridOskar.jpg","contentUrl":"https:\/\/mlicc7hvrqis.i.optimole.com\/w:auto\/h:auto\/q:mauto\/f:best\/ig:avif\/https:\/\/isi-beritt.com\/wp-content\/uploads\/2020\/07\/AstridOskar.jpg","width":232,"height":201,"caption":"Astrid mit Oskar"},{"@type":"BreadcrumbList","@id":"https:\/\/isi-beritt.com\/#breadcrumb","itemListElement":[{"@type":"ListItem","position":1,"name":"Startseite","item":"https:\/\/isi-beritt.com\/"},{"@type":"ListItem","position":2,"name":"Home"}]},{"@type":"WebSite","@id":"https:\/\/isi-beritt.com\/#website","url":"https:\/\/isi-beritt.com\/","name":"isi-beritt.com","description":"Pferdegerechte Ausbildung, Anreiten und Beritt von Pferden, Reitunterricht nach biomechanischen Grunds\u00e4tzen, APM am Pferd, Hilfe bei einem Problempferd","publisher":{"@id":"https:\/\/isi-beritt.com\/#organization"},"potentialAction":[{"@type":"SearchAction","target":{"@type":"EntryPoint","urlTemplate":"https:\/\/isi-beritt.com\/?s={search_term_string}"},"query-input":{"@type":"PropertyValueSpecification","valueRequired":true,"valueName":"search_term_string"}}],"inLanguage":"de"},{"@type":"Organization","@id":"https:\/\/isi-beritt.com\/#organization","name":"isi-beritt.com","url":"https:\/\/isi-beritt.com\/","logo":{"@type":"ImageObject","inLanguage":"de","@id":"https:\/\/isi-beritt.com\/#\/schema\/logo\/image\/","url":"https:\/\/mlicc7hvrqis.i.optimole.com\/w:180\/h:150\/q:mauto\/f:best\/ig:avif\/https:\/\/isi-beritt.com\/wp-content\/uploads\/2019\/09\/ISI_Tolt-frei.gif","contentUrl":"https:\/\/mlicc7hvrqis.i.optimole.com\/w:180\/h:150\/q:mauto\/f:best\/ig:avif\/https:\/\/isi-beritt.com\/wp-content\/uploads\/2019\/09\/ISI_Tolt-frei.gif","width":180,"height":150,"caption":"isi-beritt.com"},"image":{"@id":"https:\/\/isi-beritt.com\/#\/schema\/logo\/image\/"}}]}},"publishpress_future_action":{"enabled":false,"date":"2026-05-16 04:22:48","action":"change-status","newStatus":"draft","terms":[],"taxonomy":"","extraData":[]},"publishpress_future_workflow_manual_trigger":{"enabledWorkflows":[]},"_links":{"self":[{"href":"https:\/\/isi-beritt.com\/index.php\/wp-json\/wp\/v2\/pages\/13","targetHints":{"allow":["GET"]}}],"collection":[{"href":"https:\/\/isi-beritt.com\/index.php\/wp-json\/wp\/v2\/pages"}],"about":[{"href":"https:\/\/isi-beritt.com\/index.php\/wp-json\/wp\/v2\/types\/page"}],"author":[{"embeddable":true,"href":"https:\/\/isi-beritt.com\/index.php\/wp-json\/wp\/v2\/users\/5"}],"replies":[{"embeddable":true,"href":"https:\/\/isi-beritt.com\/index.php\/wp-json\/wp\/v2\/comments?post=13"}],"version-history":[{"count":13,"href":"https:\/\/isi-beritt.com\/index.php\/wp-json\/wp\/v2\/pages\/13\/revisions"}],"predecessor-version":[{"id":1992,"href":"https:\/\/isi-beritt.com\/index.php\/wp-json\/wp\/v2\/pages\/13\/revisions\/1992"}],"wp:attachment":[{"href":"https:\/\/isi-beritt.com\/index.php\/wp-json\/wp\/v2\/media?parent=13"}],"curies":[{"name":"wp","href":"https:\/\/api.w.org\/{rel}","templated":true}]}}