{"id":51,"date":"2019-08-27T20:05:51","date_gmt":"2019-08-27T19:05:51","guid":{"rendered":"http:\/\/isi-beritt.homepage.t-online.de\/wordpress?page_id=51"},"modified":"2023-06-10T16:21:54","modified_gmt":"2023-06-10T15:21:54","slug":"beritt-und-reitunterricht","status":"publish","type":"page","link":"https:\/\/isi-beritt.com\/index.php\/homeisi-berit-startseite\/angebote\/beritt-und-reitunterricht\/","title":{"rendered":"Beritt und Reitunterricht"},"content":{"rendered":"<div class=\"breadcrumbs align  wp-block-bcn-breadcrumb-trail has-text-color has-background\" vocab=\"https:\/\/schema.org\/\" typeof=\"BreadcrumbList\">\n\t<span><\/span>\n\t<span property=\"itemListElement\" typeof=\"ListItem\"><a property=\"item\" typeof=\"WebPage\" title=\"Go to isi-beritt.com.\" href=\"https:\/\/isi-beritt.com\" class=\"home\" aria-current=\"page\"><span property=\"name\">isi-beritt.com<\/span><\/a><meta property=\"position\" content=\"1\"><\/span><\/div>\n\n\n\n<p><\/p>\n\n\n\n<p>Der Reiter und sein Pferd: Ein Bild der Harmonie, des gegenseitigen Vertrauens und Verst\u00e4ndnisses. Gut zu regulierende Pferde, verl\u00e4ssliche Partner, die freundlich, offen und leistungsbereit sind und dem Menschen respektvoll gegen\u00fcber treten. Reiter, die mit leichter Hand, viel Gef\u00fchl und passenden Hilfen auf ihre zufriedenen und locker laufenden Pferde einwirken k\u00f6nnen. So oder zumindest so \u00e4hnlich sollte das Bild vom perfekten Pferd-Reiter-Paar aussehen. Diesem Ziel ein St\u00fcck weit n\u00e4her zu kommen, darin m\u00f6chte ich Sie gerne unterst\u00fctzen.<\/p>\n\n\n\n<p>Beim Thema Beritt ist es mir ein wirkliches Anliegen, unter eine Beritteinheit nicht einfach nur das Reiten des Pferdes zu verstehen, sondern das \u201cDavor\u201d(Holen, Putzen, Satteln usw.) und \u201cDanach\u201d(Absatteln, \u00dcberputzen, auf den Paddock bringen und Verabschieden) als ebenso relevant einzustufen. Leider ist es vielerorts eher die Regel als die Ausnahme dass der Beritt zu oft als Massenabfertigung l\u00e4uft: Der Trainer oder Bereiter spart kostbare Zeit, wenn er sein Hauptaugenmerk allein auf das Thema \u201cReiten\u201d legt.&nbsp; Durch diese augenscheinlich professionelle Handhabung der Arbeit wird der Umgang mit dem Tier dann doch recht schnell unpers\u00f6nlich, ja manchmal fast lieblos. Wie mu\u00df sich wohl das Pferd dabei f\u00fchlen, wenn es als Lebewesen mit seinen ihm eigensten Bed\u00fcrfnissen gar nicht richtig wahrgenommen wird?<br>Weil es mich wirklich traurig macht, wenn ich (leider zu oft) derartigen Umgang mit dem Objekt Pferd zu sehen bekomme, mache ich das Pferd in meiner T\u00e4tigkeit ganz bewu\u00dft zum Subjekt. Bei jeglicher Arbeit mit dem Tier sollte doch sein Wohlergehen, seine physische und psychische Unversehrtheit Ma\u00dfstab unseres Handelns als Trainer und Bereiter sein. Denn wer m\u00f6chte, dass sowohl der Reiter bzw. Besitzer als auch dessen Pferd vom Beritt profitieren, f\u00fcr den sollte ein pferdegerechter Umgang an erster Stelle stehen.<\/p>\n\n\n\n<div class=\"wp-block-image\"><figure class=\"aligncenter size-large\"><img data-opt-id=193453402  fetchpriority=\"high\" decoding=\"async\" src=\"https:\/\/mlicc7hvrqis.i.optimole.com\/w:auto\/h:auto\/q:mauto\/f:best\/ig:avif\/https:\/\/isi-beritt.com\/wp-content\/uploads\/2020\/01\/Training-2.jpg\" alt=\"Astrid und Snaedis\"\/><\/figure><\/div>\n\n\n\n<p>Wenn ein Pferd bei mir im Training ist, wird es selbstverst\u00e4ndlich mit der gleichen Sorgfalt behandelt, als w\u00e4re es mein Eigenes. Den positiven Einstieg in eine erfolgreiche Trainingseinheit kann ich einem Pferd nur dann bieten, wenn ich mir schon beim Holen, Putzen und Richten ausreichend Zeit nehme, Hektik und Unruhe am Putzplatz vermeide und somit bereits in diesem Zusammenhang Probleme (Zappeln beim Putzen, in den F\u00fchrstrick bei\u00dfen, usw.) gar nicht erst entstehen lasse oder hierbei korrigiere. In jeder Trainingseinheit (Beritt, Longieren, Bodenarbeit, usw.) arbeite ich&nbsp; ganz individuell abh\u00e4ngig vom jeweiligen Pferd und dessen Bed\u00fcrfnissen, um jedes Pferd im Rahmen seiner M\u00f6glichkeiten zu f\u00f6rdern. Selbstverst\u00e4ndlich beinhaltet dies auch eine Gymnastizierung unter biomechanischen Aspekten, die zur Gesunderhaltung des Pferdes eine nicht unerhebliche Rolle spielt. Durch ein strukturiertes Vorgehen m\u00f6chte ich das Pferd in bestm\u00f6glicher Weise f\u00f6rdern, ohne es zu \u00fcberfordern. Der reine Beritt dauert etwa 30 min. Die genaue Dauer einer Einheit richtet sich allerdings nach dem Ausbildungsstand und dem Konzentrationsverm\u00f6gen des Pferdes sowie nach dem Lernziel der Stunde, denn mit einem positiven Ergebnis zu enden bringt wesentlich mehr f\u00fcr alle Beteiligten, egal ob dies nach 40 oder 20 min erreicht wird! Im Regelfall komme ich nach dem Training mit einem zufriedenen Pferd zur\u00fcck an den Putzplatz, wo es mit der gleichen Sorgfalt und Ruhe abgesattelt wird wie es zuvor gerichtet wurde. Bei dieser Methode mit den Pferden zu arbeiten, erf\u00e4hrt jedes Pferd auch tats\u00e4chlich die Wahrnehmung durch den Menschen, die ihm geb\u00fchrt und die es zu einem wirklichen Partner f\u00fcr uns reifen l\u00e4\u00dft.<\/p>\n\n\n\n<p>Es ist mir ein gro\u00dfes Anliegen, dass das Pferd Vertrauen fassen kann und auch lernt, sich bei der Zusammenarbeit mit dem Menschen sowie beim Reiten zu entspannen. Mein Ziel ist in jedem Fall immer mit Geduld und Einf\u00fchlungsverm\u00f6gen auf jedes Pferd-Reiter-Paar individuell einzugehen. Jedes Pferd sollte locker und entspannt unter dem Sattel laufen lernen d\u00fcrfen, wobei es fein auf die Hilfen des Reiters reagieren k\u00f6nnen sollte. Gerne kann ich den Beritt auch mit Unterricht kombinieren, so dass Pferd und Reiter gemeinsam lernen und sich gleicherma\u00dfen weiterentwickeln k\u00f6nnen.<\/p>\n\n\n\n<p>Bei jeglichem Training mit Ihrem Pferd spreche ich vorher Ihre W\u00fcnsche und Vorstellungen mit Ihnen ab, um Ihnen eine sinnvolle Unterst\u00fctzung anbieten zu k\u00f6nnen. Selbstverst\u00e4ndlich arbeite ich auch hier pferdegerecht und ohne Hilfsmittel wie Ausbindez\u00fcgel oder Sporen, denn so kann ich am besten die Vertrauensbasis schaffen, um aus Pferd und Mensch ein Team zu bilden. Angefangen von der Bodenarbeit \u00fcber den Beritt, bis hin zum Unterricht auf oder mit dem eigenen Pferd ist hierbei alles denkbar. Das Training des Pferdes versuche ich wie beim Anreiten auch m\u00f6glichst abwechslungsreich zu gestalten. Ich halte es f\u00fcr wichtig, dem Pferd neben der Vermittlung des eigentlichen Lernzieles auch immer wieder Abwechslung in Form von z.B. Ausritten, Spazierg\u00e4ngen oder Longen- und Doppellongenarbeit zu bieten, um bei den Tieren den Spa\u00df an der Mitarbeit zu f\u00f6rdern und zu erhalten.<\/p>\n\n\n\n<p>Wie auch immer Ihre W\u00fcnsche und Ziele f\u00fcr sich und Ihr Pferd aussehen m\u00f6gen, sprechen Sie mich an bzw. senden Sie mir eine Mail.<\/p>\n","protected":false},"excerpt":{"rendered":"<p>Der Reiter und sein Pferd: Ein Bild der Harmonie, des gegenseitigen Vertrauens und Verst\u00e4ndnisses. Gut zu regulierende Pferde, verl\u00e4ssliche Partner, die freundlich, offen und leistungsbereit sind und dem Menschen respektvoll gegen\u00fcber treten. Reiter, die mit leichter Hand, viel Gef\u00fchl und passenden Hilfen auf ihre zufriedenen und locker laufenden Pferde einwirken k\u00f6nnen. So oder zumindest so&hellip;&nbsp;<\/p>\n","protected":false},"author":5,"featured_media":0,"parent":1487,"menu_order":0,"comment_status":"closed","ping_status":"closed","template":"","meta":{"_acf_changed":false,"neve_meta_sidebar":"","neve_meta_container":"","neve_meta_enable_content_width":"","neve_meta_content_width":0,"neve_meta_title_alignment":"","neve_meta_author_avatar":"","neve_post_elements_order":"","neve_meta_disable_header":"","neve_meta_disable_footer":"","neve_meta_disable_title":"","neve_meta_reading_time":"","_themeisle_gutenberg_block_has_review":false,"footnotes":""},"class_list":["post-51","page","type-page","status-publish","hentry"],"acf":[],"yoast_head":"<!-- This site is optimized with the Yoast SEO plugin v27.4 - https:\/\/yoast.com\/product\/yoast-seo-wordpress\/ -->\n<title>Beritt und Reitunterricht - isi-beritt.com<\/title>\n<meta name=\"description\" content=\"Pferdegerechte Ausbildung, Anreiten und Beritt Pferden aller Art, APM am Pferd, hilfe bei einem Problempferd\" \/>\n<meta name=\"robots\" content=\"index, follow, max-snippet:-1, max-image-preview:large, max-video-preview:-1\" \/>\n<link rel=\"canonical\" href=\"https:\/\/isi-beritt.com\/index.php\/homeisi-berit-startseite\/angebote\/beritt-und-reitunterricht\/\" \/>\n<meta property=\"og:locale\" content=\"de_DE\" \/>\n<meta property=\"og:type\" content=\"article\" \/>\n<meta property=\"og:title\" content=\"Beritt und Reitunterricht - isi-beritt.com\" \/>\n<meta property=\"og:description\" content=\"Pferdegerechte Ausbildung, Anreiten und Beritt Pferden aller Art, APM am Pferd, hilfe bei einem Problempferd\" \/>\n<meta property=\"og:url\" content=\"https:\/\/isi-beritt.com\/index.php\/homeisi-berit-startseite\/angebote\/beritt-und-reitunterricht\/\" \/>\n<meta property=\"og:site_name\" content=\"isi-beritt.com\" \/>\n<meta property=\"article:modified_time\" content=\"2023-06-10T15:21:54+00:00\" \/>\n<meta property=\"og:image\" content=\"https:\/\/mlicc7hvrqis.i.optimole.com\/w:auto\/h:auto\/q:mauto\/f:best\/ig:avif\/https:\/\/isi-beritt.com\/wp-content\/uploads\/2020\/01\/Training-2.jpg\" \/>\n<meta name=\"twitter:card\" content=\"summary_large_image\" \/>\n<meta name=\"twitter:label1\" content=\"Gesch\u00e4tzte Lesezeit\" \/>\n\t<meta name=\"twitter:data1\" content=\"4\u00a0Minuten\" \/>\n<script type=\"application\/ld+json\" class=\"yoast-schema-graph\">{\"@context\":\"https:\\\/\\\/schema.org\",\"@graph\":[{\"@type\":\"WebPage\",\"@id\":\"https:\\\/\\\/isi-beritt.com\\\/index.php\\\/homeisi-berit-startseite\\\/angebote\\\/beritt-und-reitunterricht\\\/\",\"url\":\"https:\\\/\\\/isi-beritt.com\\\/index.php\\\/homeisi-berit-startseite\\\/angebote\\\/beritt-und-reitunterricht\\\/\",\"name\":\"Beritt und Reitunterricht - isi-beritt.com\",\"isPartOf\":{\"@id\":\"https:\\\/\\\/isi-beritt.com\\\/#website\"},\"primaryImageOfPage\":{\"@id\":\"https:\\\/\\\/isi-beritt.com\\\/index.php\\\/homeisi-berit-startseite\\\/angebote\\\/beritt-und-reitunterricht\\\/#primaryimage\"},\"image\":{\"@id\":\"https:\\\/\\\/isi-beritt.com\\\/index.php\\\/homeisi-berit-startseite\\\/angebote\\\/beritt-und-reitunterricht\\\/#primaryimage\"},\"thumbnailUrl\":\"https:\\/\\/isi-beritt.com\\/wp-content\\/uploads\\/2020\\/01\\/Training-2.jpg\",\"datePublished\":\"2019-08-27T19:05:51+00:00\",\"dateModified\":\"2023-06-10T15:21:54+00:00\",\"description\":\"Pferdegerechte Ausbildung, Anreiten und Beritt Pferden aller Art, APM am Pferd, hilfe bei einem Problempferd\",\"breadcrumb\":{\"@id\":\"https:\\\/\\\/isi-beritt.com\\\/index.php\\\/homeisi-berit-startseite\\\/angebote\\\/beritt-und-reitunterricht\\\/#breadcrumb\"},\"inLanguage\":\"de\",\"potentialAction\":[{\"@type\":\"ReadAction\",\"target\":[\"https:\\\/\\\/isi-beritt.com\\\/index.php\\\/homeisi-berit-startseite\\\/angebote\\\/beritt-und-reitunterricht\\\/\"]}]},{\"@type\":\"ImageObject\",\"inLanguage\":\"de\",\"@id\":\"https:\\\/\\\/isi-beritt.com\\\/index.php\\\/homeisi-berit-startseite\\\/angebote\\\/beritt-und-reitunterricht\\\/#primaryimage\",\"url\":\"https:\\/\\/isi-beritt.com\\/wp-content\\/uploads\\/2020\\/01\\/Training-2.jpg\",\"contentUrl\":\"https:\\/\\/isi-beritt.com\\/wp-content\\/uploads\\/2020\\/01\\/Training-2.jpg\",\"width\":190,\"height\":139,\"caption\":\"Astrid auf Snaedis\"},{\"@type\":\"BreadcrumbList\",\"@id\":\"https:\\\/\\\/isi-beritt.com\\\/index.php\\\/homeisi-berit-startseite\\\/angebote\\\/beritt-und-reitunterricht\\\/#breadcrumb\",\"itemListElement\":[{\"@type\":\"ListItem\",\"position\":1,\"name\":\"Startseite\",\"item\":\"https:\\\/\\\/isi-beritt.com\\\/\"},{\"@type\":\"ListItem\",\"position\":2,\"name\":\"Home\",\"item\":\"https:\\\/\\\/isi-beritt.com\\\/\"},{\"@type\":\"ListItem\",\"position\":3,\"name\":\"Angebote\",\"item\":\"https:\\\/\\\/isi-beritt.com\\\/index.php\\\/homeisi-berit-startseite\\\/angebote\\\/\"},{\"@type\":\"ListItem\",\"position\":4,\"name\":\"Beritt und Reitunterricht\"}]},{\"@type\":\"WebSite\",\"@id\":\"https:\\\/\\\/isi-beritt.com\\\/#website\",\"url\":\"https:\\\/\\\/isi-beritt.com\\\/\",\"name\":\"isi-beritt.com\",\"description\":\"Pferdegerechte Ausbildung, Anreiten und Beritt von Pferden, Reitunterricht nach biomechanischen Grunds\u00e4tzen, APM am Pferd, Hilfe bei einem Problempferd\",\"publisher\":{\"@id\":\"https:\\\/\\\/isi-beritt.com\\\/#organization\"},\"potentialAction\":[{\"@type\":\"SearchAction\",\"target\":{\"@type\":\"EntryPoint\",\"urlTemplate\":\"https:\\\/\\\/isi-beritt.com\\\/?s={search_term_string}\"},\"query-input\":{\"@type\":\"PropertyValueSpecification\",\"valueRequired\":true,\"valueName\":\"search_term_string\"}}],\"inLanguage\":\"de\"},{\"@type\":\"Organization\",\"@id\":\"https:\\\/\\\/isi-beritt.com\\\/#organization\",\"name\":\"isi-beritt.com\",\"url\":\"https:\\\/\\\/isi-beritt.com\\\/\",\"logo\":{\"@type\":\"ImageObject\",\"inLanguage\":\"de\",\"@id\":\"https:\\\/\\\/isi-beritt.com\\\/#\\\/schema\\\/logo\\\/image\\\/\",\"url\":\"https:\\/\\/mlicc7hvrqis.i.optimole.com\\/w:180\\/h:150\\/q:mauto\\/f:best\\/ig:avif\\/https:\\/\\/isi-beritt.com\\/wp-content\\/uploads\\/2019\\/09\\/ISI_Tolt-frei.gif\",\"contentUrl\":\"https:\\/\\/mlicc7hvrqis.i.optimole.com\\/w:180\\/h:150\\/q:mauto\\/f:best\\/ig:avif\\/https:\\/\\/isi-beritt.com\\/wp-content\\/uploads\\/2019\\/09\\/ISI_Tolt-frei.gif\",\"width\":180,\"height\":150,\"caption\":\"isi-beritt.com\"},\"image\":{\"@id\":\"https:\\\/\\\/isi-beritt.com\\\/#\\\/schema\\\/logo\\\/image\\\/\"}}]}<\/script>\n<!-- \/ Yoast SEO plugin. -->","yoast_head_json":{"title":"Beritt und Reitunterricht - isi-beritt.com","description":"Pferdegerechte Ausbildung, Anreiten und Beritt Pferden aller Art, APM am Pferd, hilfe bei einem Problempferd","robots":{"index":"index","follow":"follow","max-snippet":"max-snippet:-1","max-image-preview":"max-image-preview:large","max-video-preview":"max-video-preview:-1"},"canonical":"https:\/\/isi-beritt.com\/index.php\/homeisi-berit-startseite\/angebote\/beritt-und-reitunterricht\/","og_locale":"de_DE","og_type":"article","og_title":"Beritt und Reitunterricht - isi-beritt.com","og_description":"Pferdegerechte Ausbildung, Anreiten und Beritt Pferden aller Art, APM am Pferd, hilfe bei einem Problempferd","og_url":"https:\/\/isi-beritt.com\/index.php\/homeisi-berit-startseite\/angebote\/beritt-und-reitunterricht\/","og_site_name":"isi-beritt.com","article_modified_time":"2023-06-10T15:21:54+00:00","og_image":[{"url":"https:\/\/mlicc7hvrqis.i.optimole.com\/w:auto\/h:auto\/q:mauto\/f:best\/ig:avif\/https:\/\/isi-beritt.com\/wp-content\/uploads\/2020\/01\/Training-2.jpg","type":"","width":"","height":""}],"twitter_card":"summary_large_image","twitter_misc":{"Gesch\u00e4tzte Lesezeit":"4\u00a0Minuten"},"schema":{"@context":"https:\/\/schema.org","@graph":[{"@type":"WebPage","@id":"https:\/\/isi-beritt.com\/index.php\/homeisi-berit-startseite\/angebote\/beritt-und-reitunterricht\/","url":"https:\/\/isi-beritt.com\/index.php\/homeisi-berit-startseite\/angebote\/beritt-und-reitunterricht\/","name":"Beritt und Reitunterricht - isi-beritt.com","isPartOf":{"@id":"https:\/\/isi-beritt.com\/#website"},"primaryImageOfPage":{"@id":"https:\/\/isi-beritt.com\/index.php\/homeisi-berit-startseite\/angebote\/beritt-und-reitunterricht\/#primaryimage"},"image":{"@id":"https:\/\/isi-beritt.com\/index.php\/homeisi-berit-startseite\/angebote\/beritt-und-reitunterricht\/#primaryimage"},"thumbnailUrl":"https:\/\/mlicc7hvrqis.i.optimole.com\/w:auto\/h:auto\/q:mauto\/f:best\/ig:avif\/https:\/\/isi-beritt.com\/wp-content\/uploads\/2020\/01\/Training-2.jpg","datePublished":"2019-08-27T19:05:51+00:00","dateModified":"2023-06-10T15:21:54+00:00","description":"Pferdegerechte Ausbildung, Anreiten und Beritt Pferden aller Art, APM am Pferd, hilfe bei einem Problempferd","breadcrumb":{"@id":"https:\/\/isi-beritt.com\/index.php\/homeisi-berit-startseite\/angebote\/beritt-und-reitunterricht\/#breadcrumb"},"inLanguage":"de","potentialAction":[{"@type":"ReadAction","target":["https:\/\/isi-beritt.com\/index.php\/homeisi-berit-startseite\/angebote\/beritt-und-reitunterricht\/"]}]},{"@type":"ImageObject","inLanguage":"de","@id":"https:\/\/isi-beritt.com\/index.php\/homeisi-berit-startseite\/angebote\/beritt-und-reitunterricht\/#primaryimage","url":"https:\/\/mlicc7hvrqis.i.optimole.com\/w:auto\/h:auto\/q:mauto\/f:best\/ig:avif\/https:\/\/isi-beritt.com\/wp-content\/uploads\/2020\/01\/Training-2.jpg","contentUrl":"https:\/\/mlicc7hvrqis.i.optimole.com\/w:auto\/h:auto\/q:mauto\/f:best\/ig:avif\/https:\/\/isi-beritt.com\/wp-content\/uploads\/2020\/01\/Training-2.jpg","width":190,"height":139,"caption":"Astrid auf Snaedis"},{"@type":"BreadcrumbList","@id":"https:\/\/isi-beritt.com\/index.php\/homeisi-berit-startseite\/angebote\/beritt-und-reitunterricht\/#breadcrumb","itemListElement":[{"@type":"ListItem","position":1,"name":"Startseite","item":"https:\/\/isi-beritt.com\/"},{"@type":"ListItem","position":2,"name":"Home","item":"https:\/\/isi-beritt.com\/"},{"@type":"ListItem","position":3,"name":"Angebote","item":"https:\/\/isi-beritt.com\/index.php\/homeisi-berit-startseite\/angebote\/"},{"@type":"ListItem","position":4,"name":"Beritt und Reitunterricht"}]},{"@type":"WebSite","@id":"https:\/\/isi-beritt.com\/#website","url":"https:\/\/isi-beritt.com\/","name":"isi-beritt.com","description":"Pferdegerechte Ausbildung, Anreiten und Beritt von Pferden, Reitunterricht nach biomechanischen Grunds\u00e4tzen, APM am Pferd, Hilfe bei einem Problempferd","publisher":{"@id":"https:\/\/isi-beritt.com\/#organization"},"potentialAction":[{"@type":"SearchAction","target":{"@type":"EntryPoint","urlTemplate":"https:\/\/isi-beritt.com\/?s={search_term_string}"},"query-input":{"@type":"PropertyValueSpecification","valueRequired":true,"valueName":"search_term_string"}}],"inLanguage":"de"},{"@type":"Organization","@id":"https:\/\/isi-beritt.com\/#organization","name":"isi-beritt.com","url":"https:\/\/isi-beritt.com\/","logo":{"@type":"ImageObject","inLanguage":"de","@id":"https:\/\/isi-beritt.com\/#\/schema\/logo\/image\/","url":"https:\/\/mlicc7hvrqis.i.optimole.com\/w:180\/h:150\/q:mauto\/f:best\/ig:avif\/https:\/\/isi-beritt.com\/wp-content\/uploads\/2019\/09\/ISI_Tolt-frei.gif","contentUrl":"https:\/\/mlicc7hvrqis.i.optimole.com\/w:180\/h:150\/q:mauto\/f:best\/ig:avif\/https:\/\/isi-beritt.com\/wp-content\/uploads\/2019\/09\/ISI_Tolt-frei.gif","width":180,"height":150,"caption":"isi-beritt.com"},"image":{"@id":"https:\/\/isi-beritt.com\/#\/schema\/logo\/image\/"}}]}},"publishpress_future_action":{"enabled":false,"date":"2026-04-24 07:31:31","action":"change-status","newStatus":"draft","terms":[],"taxonomy":"","extraData":[]},"publishpress_future_workflow_manual_trigger":{"enabledWorkflows":[]},"_links":{"self":[{"href":"https:\/\/isi-beritt.com\/index.php\/wp-json\/wp\/v2\/pages\/51","targetHints":{"allow":["GET"]}}],"collection":[{"href":"https:\/\/isi-beritt.com\/index.php\/wp-json\/wp\/v2\/pages"}],"about":[{"href":"https:\/\/isi-beritt.com\/index.php\/wp-json\/wp\/v2\/types\/page"}],"author":[{"embeddable":true,"href":"https:\/\/isi-beritt.com\/index.php\/wp-json\/wp\/v2\/users\/5"}],"replies":[{"embeddable":true,"href":"https:\/\/isi-beritt.com\/index.php\/wp-json\/wp\/v2\/comments?post=51"}],"version-history":[{"count":1,"href":"https:\/\/isi-beritt.com\/index.php\/wp-json\/wp\/v2\/pages\/51\/revisions"}],"predecessor-version":[{"id":1498,"href":"https:\/\/isi-beritt.com\/index.php\/wp-json\/wp\/v2\/pages\/51\/revisions\/1498"}],"up":[{"embeddable":true,"href":"https:\/\/isi-beritt.com\/index.php\/wp-json\/wp\/v2\/pages\/1487"}],"wp:attachment":[{"href":"https:\/\/isi-beritt.com\/index.php\/wp-json\/wp\/v2\/media?parent=51"}],"curies":[{"name":"wp","href":"https:\/\/api.w.org\/{rel}","templated":true}]}}